*2 - 8*z + 6. Let l be h(7). Is (0 - 2)*l + 5 composite?
False
Is 4568 + -3 - (-9 - -13) a composite number?
False
Let l be (-1048)/(-5) + (-6)/(-15). Suppose 3*z + 257 = 2*y - l, 0 = -5*y + 4*z + 1185. Let h = y - 80. Is h composite?
True
Suppose 6 = -n + 4*n, -t - 2*n + 606 = 0. Suppose -4*a + 2*b + t = 0, a - b = -4*a + 748. Is a prime?
True
Suppose 301 = w - 34. Suppose -5*p - 70 = -w. Is p a composite number?
False
Suppose -3*g = 6, 6*r + 2*g = 11*r - 10919. Is r composite?
True
Let d be (-2)/(-8) - (-142)/8. Suppose 0 = -0*u + 2*u - d. Suppose 11*g = u*g + 134. Is g a prime number?
True
Suppose -7*j + 3*j = 8. Let n be 5 + j - (0 - -1). Suppose a - 5*h + 160 = 6*a, n*a - 5*h = 71. Is a prime?
False
Let x(y) = -y**2 + 9*y - 3. Suppose 2*u = 7*u - 30. Is x(u) prime?
False
Suppose 3*r - 113 = 2*r - 4*p, 307 = 3*r + 4*p. Is r a prime number?
True
Suppose m - f - 1 = 7, -5*f - 8 = 3*m. Suppose m*w = 1422 - 354. Is w prime?
False
Let s(v) = 6*v**2. Let n be s(1). Suppose 2*p = n*p - 460. Is p prime?
False
Let s(v) = 448*v**2 - 2*v + 3. Is s(1) a prime number?
True
Let b(l) = l**3 - 4*l**2 + 9*l - 7. Is b(6) a prime number?
False
Let o(k) = 24*k**2 + 3*k + 23. Is o(-6) a prime number?
False
Let b(w) = -w**3 + 4*w. Let u be (0 + 3)/(2/(-2)). Is b(u) composite?
True
Let q(g) = g**3 - 12*g**2 - 8*g + 12. Is q(13) a prime number?
False
Suppose -5*b - 1 = -41. Suppose b*j - 286 = 6*j. Is j a prime number?
False
Suppose 3*d = 12 + 99. Is d composite?
False
Let b(o) = -2*o - 1. Suppose 0 + 4 = -h. Is b(h) a prime number?
True
Let u be 6/9 + (-6)/9. Suppose 3*a - 5*q + 21 = u, -2*a = 2*a - 2*q + 14. Is (1 - a)/((-1)/(-5)) a composite number?
True
Suppose -3*y = -5*y + 10. Suppose -809 = -y*x - 129. Let p = x + -53. Is p prime?
True
Is (21/(-28))/((-9)/1956) prime?
True
Let w be (1 + -3)*(-1010)/4. Let d = -324 + w. Is d a prime number?
True
Is -1 - 2123/(-7) - 12/42 prime?
False
Suppose 4*u = -4*x + 8, -2*x + 2 = -0*x + 4*u. Suppose 6 - 3 = x*b, -3*b + 108 = 3*s. Is s composite?
True
Suppose -9 = 4*i - 5*z, -3 = 4*i - 4*z + 1. Let v be ((-8)/(-3))/(4/6). Suppose 88 = i*b + v. Is b a prime number?
False
Let z(m) = -m + 0 + 3 - 9*m. Let d be z(-7). Let g = d - 36. Is g composite?
False
Let a(d) = d**2 + 9*d - 5. Let z = 7 - 12. Let i(m) = -m**2 - 8*m + 5. Let r(l) = z*a(l) - 6*i(l). Is r(4) composite?
False
Is 1/(-6) + (-43459)/(-78) prime?
True
Suppose -5*d - 49 = -504. Let a = -6 + d. Is a a prime number?
False
Let b(a) = -a + 6. Let n be b(5). Let k = n - 1. Suppose 2*i = g + 7, 5*g = 5 - k. Is i a prime number?
False
Let o(j) = -8*j**3 - j**2 - 2*j - 1. Let v be o(-1). Suppose 2901 = -5*w + v*w. Is w prime?
True
Let i(n) = 5*n**2 + 7*n + 1. Is i(6) a prime number?
True
Let j be 2*1/(-2) + 9. Suppose -5*l + l + j = 0. Suppose 0 = -0*p - l*p + 30. Is p prime?
False
Let b(p) = 3*p**2 - 3*p + 1. Suppose 4*y + 3 = u + 2, -2*u + 11 = y. Suppose 0 = u*q - 15. Is b(q) a prime number?
True
Let m(w) = 9*w**2 + 4*w + 3. Is m(-4) prime?
True
Suppose -2*z + 10 = 5*w, -6*w + z + 10 = -w. Suppose -w*m + 18 + 0 = 0. Suppose 0 = -g + m + 10. Is g prime?
True
Is (-12)/(-4)*1228/12 a composite number?
False
Suppose 0 = -4*k - 6 - 26. Let q = -6 - k. Suppose -3*w = q*w - 95. Is w prime?
True
Let p be 0 + -1*(0 - -2). Is ((-33)/6)/(p/4) composite?
False
Let y(h) be the third derivative of h**5/20 + 7*h**4/24 + h**3/2 + h**2. Let a(b) = -b**2 + b. Let u(k) = -4*a(k) + y(k). Is u(4) composite?
False
Let i(p) = 416*p**3 - p + 1. Let f be i(1). Suppose -3*k + f = -55. Is k composite?
False
Suppose w + 7984 = 5*w. Suppose i + 3*i = w. Is i a prime number?
True
Let d be (0 - -2)/(-1) + 114. Suppose -3*q - 3*y = 120, -5*y - d = 2*q + q. Is q/(-3) + (-2)/(-6) prime?
False
Let f be 2/((-1)/(19/(-2))). Suppose -5*t = 2*l - 83, 5*t - 45 - 14 = 4*l. Suppose 0 = r - f - t. Is r a prime number?
False
Let i(t) = -7*t**3 + 5*t**2 + t - 3. Is i(-4) a prime number?
True
Let g(h) be the second derivative of h**4/6 + h**3/2 + 3*h**2/2 - 3*h. Is g(4) a prime number?
True
Suppose -21 = -2*y + y. Suppose -f = -0*f - y. Is 3367/f + (-4)/(-6) a prime number?
False
Let l = 50 - -3. Let h = 90 - l. Is h composite?
False
Let s = 4762 - 2867. Is s prime?
False
Let i(d) = -d + 7. Let m be i(7). Is (m + -2)*1113/(-6) a composite number?
True
Let v be 4 + -2 - (0 - -6). Is (-153)/1*v/12 a prime number?
False
Let n(i) = i**3 + 11*i**2 - 20*i + 11. Is n(-10) composite?
False
Suppose 596 = 5*p - 459. Is p a prime number?
True
Suppose -2*f + 1 = -3. Suppose p - 2*d - f = 20, 88 = 4*p + 3*d. Is p prime?
False
Suppose 3*j - 11584 = -j. Is ((-2)/8)/((-4)/j) prime?
True
Suppose -13 = -5*z + 12. Let x(h) = 4*h**3 - 2*h**2 - 7*h + 4. Is x(z) a prime number?
True
Let g = -16 + 26. Suppose -h + 19 = -4*i, -h + 4*i = 5*i + 6. Let x = g - h. Is x composite?
False
Suppose 0 = 2*l - 10, -4*l + 275 = 5*i - l. Suppose -3*q = -i - 59. Is q a composite number?
False
Suppose 0*q + 4*t = 3*q, 4*q = -t. Suppose q = 4*m - m - 393. Is m composite?
False
Suppose 5*a + 2*i - 100 = 0, 44 = 2*a + a - 2*i. Let m = 287 + a. Is m composite?
True
Suppose 0*k + 35 = 5*k. Let q(p) be the first derivative of 4*p**2 - 10*p + 2. Is q(k) prime?
False
Suppose -2*z + 290 = -2*g + 3*z, -2*g - 294 = -4*z. Let q be 53*(4 - 6) + (-1 - 1). Let w = q - g. Is w a prime number?
True
Suppose 1431 = 3*k + 3*y, 4*k - 3*y - 1911 = -4*y. Is k prime?
False
Let m(q) = 119*q - 1 - 6*q + 33*q. Is m(3) prime?
False
Let q be (-2)/(-3) + (-32)/(-24). Suppose 0 = -q*y - 2*x + 100, 4*x - 153 = -3*y - 0*x. Is y a prime number?
True
Suppose -32 - 56 = -4*a. Suppose 5*m - 17 = 4*f + 90, f + a = m. Is m composite?
False
Suppose -y - 3764 = -5*y. Is y a prime number?
True
Suppose 8*y - 5018 - 11406 = 0. Is y prime?
True
Is -1 + (-992)/(-1 + -3) prime?
False
Let x be (-60)/(-9)*48/(-20). Is (-2020)/x - 3/(-4) composite?
False
Suppose 0 = 4*v - 0*v - 80. Suppose 0 = 5*k - 15, k + 4 = -f + v. Is f composite?
False
Suppose -2*n - 16 = 2*n, -3*n - 32 = -5*w. Suppose -2*j + 8 = p - 4*j, -2*j + 2 = w*p. Suppose -p*b + 326 + 56 = 0. Is b prime?
True
Let a = 7 + 11. Suppose 5*y = 2*y + a. Suppose -3 = 5*w - y*w. Is w composite?
False
Suppose 6*q - 2*q - 1956 = 0. Suppose q = 3*b - 0*v + 3*v, -4*b + 607 = -5*v. Is b a prime number?
False
Let r be (-1)/(2/(-4)) - -2. Let f be (-163)/(-1) - (1 + 2). Suppose 136 = r*v - f. Is v a prime number?
False
Suppose 2*w = -3*u - 0*w + 4, 3*u = -4*w + 14. Let z(y) = 2*y - 1 - 6*y - 29*y + 5*y. Is z(u) a prime number?
False
Let u be (-4)/(-14) + 234/14. Suppose t = -0*t + u. Let n = 54 - t. Is n prime?
True
Suppose -39 = -5*g + 976. Is g composite?
True
Let v(h) = -h + 9. Let u be v(5). Suppose -u*l = -3*w - 734, 2*l - l - 5*w - 192 = 0. Suppose -d + 3*d - l = 0. Is d a composite number?
True
Suppose 3*s + 5*u = -s - 291, 4*s = 2*u - 326. Let h(i) = -16*i + 3. Let w be h(3). Let b = w - s. Is b prime?
False
Suppose 24 = -4*s - 5*f, 0 = 4*s + f - 4*f - 8. Let m be s/(-3) - (-28)/(-3). Is (-6)/m - (-458)/6 composite?
True
Suppose 12 = -4*q, q - 4*q = -4*z + 11285. Is z prime?
True
Is (8 - 9)/(1/(-449)) composite?
False
Let h be 70/(-6) + 2/(-6). Let m be 1 - (-6 - (0 - 1)). Is (28/m)/((-8)/h) prime?
True
Is (302/4)/((-8)/(-112)) a prime number?
False
Let o(l) = 2*l + 1. Let s(r) = -2*r. Let t(b) = -2*o(b) - 3*s(b). Let z be t(3). Suppose q + z*p = 99, 2*p = q + 8 - 131. Is q composite?
True
Let n be (-1 + 2 + 0)*90. Let l be (2/(-4))/((-3)/n). Suppose -l = -f + 4. Is f a composite number?
False
Suppose 7 = -3*h + 4*x, 0*h + 2 = -2*h + 2*x. Is (-2 + h)*(-2 - -79) prime?
False
Suppose 0 = y - 1520 - 3981. Is y a prime number?
True
Let g be (10/3)/(4/(-30)). Let z = g - -92. Is z a composite number?
False
Suppose -4*d = 2 - 14. Let g(y) = 2*y**3 - y**2 - 3*y + 1. Let i be g(d). Suppose -2*r = -2*u + 3*r + i, 100 = 5*u - 5*r. Is u a composite number?
True
Suppose -4*p = p + 25, 5*x = 3*p + 30. Let c(a) = 27*a**2 + 2*a + 2. Is c(x) a prime number?
True
Let q be 5 + (1 + -2 - 1). Suppose 5*m - j = 564, -m - q*m = 4*j - 456. Suppose -5*z + 132 = -m. Is z a prime number?
False
Let f(t) = -t**3 - 2*t**2 + 2*t + 13. Is f(-6) a prime number?
False
Suppose l - 1 = 0, -72 = -4*r - l + 9. Is (-1013)/(-5) + 8/r prime?
False
Let h(s) = s + 3. Let b be h(9